
1
Let o(m) be the first derivative of m**3/3 + 2*m**2 - 1. Let q(h) = -h**2 - h - 1. Let n be q(-2). Give o(n).
-3
Let p be (-2)/(-6) - 22/(-6). Let h(c) = c**2 - 5*c + 6. Let v be h(p). Let w(a) = -v + 2 + 6*a. What is w(-1)?
-6
Let l(m) = -4 + 3 - 7*m**2 + 2. What is l(-1)?
-6
Suppose -4*p - 29 = z + 24, 0 = 3*p + 2*z + 41. Let c = 14 + p. Let m(s) = -2*s**3 + 1. Determine m(c).
-1
Let a = 9 + -7. Let l(d) be the first derivative of -2*d**3/3 + d**2/2 - 3*d + 3. Let p(f) = -f. Let j(c) = l(c) - 3*p(c). Determine j(a).
-3
Let f(h) be the first derivative of -h**4/4 - h**3 - h**2 - 4. Let j(w) = -w**2 + 6*w + 4. Let k be j(7). Give f(k).
6
Let i be 5*(2 - 20/25). Let n(o) = o**2 - 2*o + 0*o - 1 - 3*o. Calculate n(i).
5
Suppose -3*o + 26 = -4*m, -2*m = -3*o + 3*m + 31. Let i(l) = 3*l + 2 - o*l**3 + 0*l**2 + l**3 + 4 - 4*l**2. What is i(-4)?
-6
Let y be -3 - (-4 + (-12)/(-4)). Let g(o) = -o - o + 6*o. Determine g(y).
-8
Let k be 2/(-3*(-3 - (-35)/12)). Let m(b) = -b**3 + 9*b**2 - 10*b + 6. What is m(k)?
-10
Suppose 0 = 4*s - 6*s - 3*n + 7, -4*n = -s - 2. Let k(o) = o**3 + o**2 - 3*o + 3. Give k(s).
9
Let p(l) = -4*l. Let q(k) = -3*k - 1. Let r(s) = 4*p(s) - 5*q(s). What is r(7)?
-2
Suppose -22*l = -27*l + 20. Let b(t) = t**3 - 3*t**2 - 4*t + 3. Determine b(l).
3
Let o(b) = -b**3 - 3*b**2 - 3. Let t be o(-3). Let k(n) = n**3 + 4*n**2 + 3*n - 3. Let v be k(t). Let a(y) = y**3 + 3*y**2 - 2*y + 4. Give a(v).
10
Let z be (0 - 8/6)/((-7)/(-21)). Let a(q) = -q - 5. Give a(z).
-1
Let k(y) = -y + y + y**2 + y - 1. Let n(d) = 2*d. Let c be n(3). Suppose c*s = 3*s + 6. What is k(s)?
5
Let w be ((3 - 4) + 2)*5. Let c(s) = s**2 - 8*s + 5. Calculate c(w).
-10
Let s(b) = b**3 - b**2 - b - 5. Let y = -68 + 68. Calculate s(y).
-5
Let h(u) = u - 2. Let o = -10 - -2. Let w = -4 - o. Calculate h(w).
2
Let c = -1 + 3. Suppose 15 = -c*g - g. Let a(s) be the first derivative of -s**3/3 - 3*s**2/2 + 6*s - 8. Give a(g).
-4
Let m = 2 - 1. Let r(o) = o**3 - o**2 - o. Let j(s) = 11*s**3 - 5*s**2 - 2*s - 1. Let l = -1 - -2. Let t(k) = l*j(k) - 4*r(k). Determine t(m).
7
Suppose 0*d - 10 = 5*d. Let l(t) = t**3 + 2*t**2 - 3*t - 3. Let z be l(d). Let w be 1 - (-2)/2 - z. Let q(f) = -2*f**3 + 2*f**2 - 1. Determine q(w).
3
Let x(b) = -b**2 - 8*b + 2. Let t(a) = 2*a**2 + 17*a - 5. Let q(j) = 2*t(j) + 5*x(j). Calculate q(-5).
5
Let f = -21 + 24. Let a(p) be the first derivative of 5/3*p**f - 1/4*p**4 - 2*p**2 + 1 + 5*p. Determine a(4).
5
Let q(x) be the second derivative of -x**3/3 + 5*x**2/2 - 16*x. Determine q(-4).
13
Let y(k) = -k - 14. Let n be y(-6). Let u(r) = r**3 + 7*r**2 - 8*r + 8. What is u(n)?
8
Let p(i) be the first derivative of i**5/60 - 5*i**4/24 - i**3 - 3*i**2/2 - 3. Let o(n) be the second derivative of p(n). Determine o(5).
-6
Suppose 0 = 4*z - 8*z - 16. Let s(r) = 2*r - 1. What is s(z)?
-9
Let o(w) be the first derivative of w**4/4 - 8*w**3/3 + w**2/2 + 16. Calculate o(8).
8
Let i(s) be the second derivative of 7*s**4/12 - 2*s. What is i(1)?
7
Let r(l) be the first derivative of l**2 + 9*l - 13. Calculate r(-6).
-3
Let a = -13 - -12. Let g(z) = 3*z**3 - 2*z**2 - z. Calculate g(a).
-4
Let m(k) = -k**2 - 2*k + 3. Let s be m(-3). Suppose 2*p = -2*p, -2*y - 2*p + 10 = s. Let v(o) = 2*o - 6. Give v(y).
4
Let t(f) = 2*f + 3. Let y(x) = 5*x + 10. Let c(u) = 8*t(u) - 3*y(u). Give c(5).
-1
Let y(r) be the first derivative of -r**4/4 + 4*r**3/3 - 2*r + 2. Let v(l) = l**2 + 2*l + 3. Let h be v(-2). Determine y(h).
7
Suppose 5 = 3*x + 2*u + 1, 0 = -2*x - 2*u + 2. Let w(k) = k - 3*k**2 + 2 - 3 + x*k. What is w(2)?
-7
Let o be 1 + (1 - (-2)/(-2)). Let s be o*(-2 - 0)*2. Let w = -5 - s. Let l(b) = 6*b**3 - b**2 + 1. What is l(w)?
-6
Let d(j) be the second derivative of 0 + 1/2*j**3 - j + 1/12*j**4 + 0*j**2. Calculate d(-4).
4
Suppose -3*x - x - 25 = -g, 4*g + x - 83 = 0. Let w be (-38)/14 - 6/g. Let n(m) = 3*m + 7. Let i(k) = 2*k + 4. Let j(a) = -5*i(a) + 3*n(a). Calculate j(w).
4
Let o(l) be the first derivative of 2*l**2 - 1/4*l**4 + l**3 + 5*l - 4. Give o(4).
5
Let v(l) be the first derivative of -3*l**2/2 - 33. Calculate v(-1).
3
Suppose 0*b + 2*b - 18 = -5*h, -4*b = 5*h - 26. Let w(s) = -3*s**2 - 13*s + 5. Let q(a) = -2*a**2 - 7*a + 2. Let g(k) = -5*q(k) + 3*w(k). Determine g(b).
5
Let d(c) = -c + 2. Let y(g) = -4*g + 1. Let a(s) = 3*d(s) - y(s). Determine a(-10).
-5
Let a be (8/(-10))/((-3)/15). Suppose -7*y = -a*y + 15. Let d(q) = -q**2 - 5*q + 6. Determine d(y).
6
Let c(g) = 0 + 2*g**2 + 0*g + 5*g - 3*g**2 + 1. Give c(6).
-5
Let o(v) = -v**2 - 4*v + 2. Suppose 4*g + 0*g = 112. Let q be 26/(-7) + (-8)/g. What is o(q)?
2
Suppose 12 + 0 = 2*z + 2*y, 0 = -3*z + 2*y + 13. Let x = 1 - -1. Let h(d) = 4*d**2 + 4 + 0 - z*d**2 - x*d. Determine h(-4).
-4
Let h(r) = r - 1. Let s be 2/1 + -1 + -77. Let q = -36 + 56. Let t be s/q - 1/5. Determine h(t).
-5
Let g(b) = b**2 - 5*b + 3. Let u be -7 + 9 + 0/3. What is g(u)?
-3
Let l = 7 - 5. Let k(q) = l*q + 0*q + q + 4. Give k(-3).
-5
Let g(t) = 8*t**2 + 1. Let x = -63 + 62. What is g(x)?
9
Let b(j) = -j**3 + 7*j**2 - 6*j + 3. Let z be (1/(5/3))/(1/10). What is b(z)?
3
Let m = 9 + -9. Suppose m*q = -3*q. Let v(g) = g**2 + g - 11. Let h(b) = 2*b**2 + 2*b - 21. Let c(r) = 3*h(r) - 5*v(r). Give c(q).
-8
Let a(j) = -3*j - 1. Let l be a(-1). Suppose 5*w = 4*s - l, 2*w + 12 = -2*s - 2*s. Let v(k) = -k**3 - 4*k**2 + k. Calculate v(s).
-10
Let w = 15 + -17. Let l(o) be the third derivative of 0*o + 1/2*o**3 + 0 - 2*o**2 + 1/6*o**4. Determine l(w).
-5
Let x = 21 - 83/4. Let m(t) be the third derivative of x*t**4 + 0*t + 0 + 0*t**3 - t**2. Give m(-1).
-6
Let c(d) = -3*d + 5. Let u = 78 - 73. Determine c(u).
-10
Let p(o) be the second derivative of o**6/360 - o**5/20 - o**4/24 + o**3/2 + o. Let v(w) be the second derivative of p(w). Determine v(5).
-6
Let g be (6/(-5))/(6/20). Let n(x) = x + 5. Let c be n(-3). Let w(a) = a**3 - a**c + 5*a**2 - 24 + 28. Give w(g).
4
Let m(h) = h**2 + 4*h - 7. Let l be m(-5). Let o(i) = 4*i**2 + 79*i - 81*i - 5 + i**3 + 2. Give o(l).
9
Let s(j) = -3*j - 14. Let d(b) = 13*b + 55. Let t(c) = -2*d(c) - 9*s(c). Calculate t(-14).
2
Let m(l) be the second derivative of -l**8/6720 + l**7/1260 + l**6/720 + l**5/120 + l**4/4 + 2*l. Let k(p) be the third derivative of m(p). What is k(3)?
-5
Let k(u) be the first derivative of -3/2*u**2 + 6*u + 2. What is k(4)?
-6
Let i(r) = 1 - 3*r**2 - 2 - 2 + r**2 + 7*r. Let m(u) = -u**2 + u. Let g(b) = -i(b) + 4*m(b). What is g(-3)?
-6
Suppose -3*j - 14 = -2*y, -3*y + 4*j + 14 = -5. Let f(l) be the third derivative of 3*l**4/8 - l**2. Give f(y).
9
Let i(j) = -5*j - j + j + 3*j. Determine i(-2).
4
Let o(j) = -j**3 - 12*j**2 + 11*j - 18. Suppose -4*b + 2*y + y - 64 = 0, 34 = -2*b + 2*y. Give o(b).
8
Let z be (-3*4)/(4/14). Let h be z/(-8) + 3/(-12). Let b(s) = -s**3 + 5*s**2 - 2. Calculate b(h).
-2
Let u(q) = q**3 - q**2 - q - 1. Let s(n) = -6 - n**3 - 5*n**2 + 3*n**3 - 3*n - 2*n + 0*n**3. Let m(g) = s(g) - 5*u(g). Determine m(-1).
2
Let h(u) = -3*u**2 - 21*u + 7. Let y(t) = 4*t**2 + 31*t - 11. Let a(d) = -7*h(d) - 5*y(d). Let b be (0 - (-3 - -2))*5. Calculate a(b).
-9
Let h = -12 - -17. Let s(o) = 5 + h + 1 - o - 6. Let k be (0 + 0)*(-1)/2. Determine s(k).
5
Suppose 4*q - 3*a + 17 = 0, 6*q - 2*q + 4*a = 4. Let m = q + 3. Suppose 3*f - m = -h + 12, -1 = f + 3*h. Let k(s) = s**2 - 5*s + 1. Determine k(f).
1
Suppose -3 - 3 = -3*k - l, 0 = 5*k - 5*l + 10. Let n be 1/(-4) + 50/8. Let r(v) = n*v - v + 5*v. Calculate r(k).
10
Let h(c) = 1 - 5*c - 4 + c**2 + 10. Let b(u) = u. Let t be b(2). Let s(v) = v**2 + 1. Let k be s(t). Give h(k).
7
Suppose -12 - 9 = 4*u - g, -5*u + g = 27. Let t(b) = -2 + 6 + 12*b - 11*b. Calculate t(u).
-2
Suppose 2*p + 6 = 4. Let f(l) = 8*l**2 - 1. Give f(p).
7
Let w(c) = -3*c**3 + 8*c**2 - 8*c + 2. Let a(t) = t**3 - t**2 + t. Let h(x) = -2*a(x) - w(x). What is h(4)?
-10
Let c(o) = o**3 + 6*o - 1 - 4 + 5 + 6*o**2 + 2. Let a be c(-5). Let k(h) = h**3 + 4*h**2 + 3*h - 2. Let w be k(a). Let y(n) = -n**2 - 2*n - 1. Give y(w).
-1
Let d(g) be the third derivative of -g**5/15 + g**4/8 + g**3/6 + 5*g**2. Give d(-2).
-21
Let q(r) = r**2 - 7*r + 3. Let o = -77 - -84. Calculate q(o).
3
Let b(j) be the first derivative of -j**3 + j**2/2 + 2*j - 4. Let s(c) = c + 2. Let f be s(0). 